 -14. Suppose o = x + 7. Suppose p = 5*t + 10 - 0, 0 = -p + 3*t + o. Calculate the highest common divisor of p and 5.
5
Let l = -54 + 119. Calculate the greatest common divisor of 13 and l.
13
Let b = 230 - 125. Calculate the highest common factor of b and 21.
21
Let x(s) = -5*s - 4. Suppose 5 + 7 = -4*v. Let w be x(v). Calculate the highest common factor of 121 and w.
11
Suppose 0 = l - 4*l + 783. What is the highest common divisor of l and 29?
29
Suppose 0 = -4*z - 30 + 90. Calculate the greatest common factor of z and 5.
5
Let d be -34 - 1*(-1 - 0). Let w = -18 - d. Suppose -y = y - 120. What is the highest common factor of y and w?
15
Suppose 0 = -4*w - 4*j + 114 - 26, -4*w = 5*j - 92. What is the greatest common divisor of 72 and w?
18
Let v be (-3)/(-3) - (-14 - 0). Suppose 0 = d + 4*u - 5 - 0, -5*u + v = 0. Let z = 3 - d. Calculate the highest common factor of z and 50.
10
Suppose 4 - 1 = -3*l. Let o be (1/(-2))/(l/2). What is the greatest common divisor of 1 and o?
1
Suppose 3*m - 41 = -r, -4*m = 3*r - 0*r - 53. Let k be (-1 - 1) + -13*5. Let v = k - -221. What is the highest common factor of v and m?
14
Suppose g - 170 = -2*v, 5*v - 5*g - 85 = 4*v. What is the greatest common divisor of 17 and v?
17
Let v be 13 + ((-4)/(-2) - 4). What is the greatest common divisor of v and 44?
11
Let o = -105 - -137. Calculate the greatest common divisor of 4 and o.
4
Let x be -3 - (-2 - 1) - -23. Calculate the highest common factor of x and 23.
23
Suppose 63*v - 192 = 60*v. What is the greatest common factor of 4 and v?
4
Let d = -2 + 4. Let u be 60/14 - 10/35. Suppose -3*q + 5*k = 4, 2*q = k - u*k + 10. What is the greatest common factor of d and q?
2
Suppose j + 10 = 6*j. Suppose -3*v + 162 = -3*g, -5*v + 288 = 2*g + j*g. Let l(d) = -2*d + 2. Let q be l(-3). What is the highest common divisor of v and q?
8
Suppose 2*i + 26 = h - 3*h, 0 = -2*i + 2. Let x = 32 + h. Calculate the highest common divisor of x and 6.
6
Let w = -3 - 3. Let f = 11 + w. What is the greatest common factor of 10 and f?
5
Suppose -5*k + 121 = -q - 55, 4*q + 4 = 0. Let t = 34 + -8. Suppose 0*u + 2*w - t = -2*u, -5*w = -4*u + 61. What is the greatest common divisor of k and u?
7
Let b(g) = g + 8. Suppose 2*x + 6 - 26 = 0. Let y be b(x). What is the greatest common divisor of 12 and y?
6
Let b be ((-8)/4)/((-1)/10). Calculate the greatest common divisor of b and 5.
5
Let b(g) = g**3 + 9*g**2 + 3*g - 6. Let c be b(-6). Suppose -a = 4*d - c, -3*d + 2*d = 3*a - 32. Calculate the greatest common divisor of 160 and d.
20
Suppose 1 = b, -41 = -h + 5*b - b. What is the greatest common divisor of h and 9?
9
Let v be 4/(-14) + 387/7. Calculate the greatest common factor of v and 22.
11
Let h = -20 - -32. Calculate the greatest common divisor of h and 12.
12
Let w be -2 + -3 + 1 + 0. Let h = w + 7. Calculate the highest common factor of h and 24.
3
Suppose -4*u + 2*u + 308 = 0. Let t(s) = -2*s - 9. Let h be t(-7). Suppose 51 + 19 = h*a. Calculate the highest common factor of a and u.
14
Suppose 2*c = -f + 54, -3*f + f + c + 93 = 0. Suppose 2*m = 2, -5*y + 3*m + m + 131 = 0. Let a be 32/6*y/12. Calculate the highest common factor of a and f.
12
Let k = 26 + 26. Suppose k = 5*l - 8. Calculate the highest common factor of l and 132.
12
Let y be (-6)/15*(-4 + -6)*2. Suppose -15 = t - 79. Calculate the highest common divisor of t and y.
8
Let n(t) = 3*t + 5. Let b be n(6). Calculate the greatest common divisor of b and 92.
23
Let t be 14/3*(-42)/(-4). Suppose -5*z - 29 = -4*v - 4*z, 5*z + t = 4*v. Let i = 5 - 1. Calculate the greatest common factor of i and v.
2
Suppose 3*z = 3*r - 24, -4 = 2*r + 2*r + 5*z. Let w = -65 + 126. Suppose -39 = -r*q + w. What is the highest common factor of q and 5?
5
Let t be (26/4)/(11/22). Let v(b) = 4*b**2 - 2*b - 3. Let p be v(-3). Calculate the highest common divisor of t and p.
13
Suppose 2*i - 308 = -5*i. Calculate the highest common divisor of 4 and i.
4
Suppose 0*j + 2*j + 40 = 2*x, 5*x = j + 104. Calculate the highest common factor of 6 and x.
3
Let m(p) = -88*p. Let z be m(-4). Suppose -2*g = -4*g + z. Let k be (-12)/10*80/(-6). What is the highest common factor of g and k?
16
Let o(m) = 3*m + 6. Let v be o(6). Let r be (0 - (-4)/2)*v. Suppose z - 23 - 9 = 0. What is the greatest common factor of r and z?
16
Let p be 26/2 - (-5 + 9). What is the greatest common factor of 27 and p?
9
Let a(i) = 2*i - 2. Let z be (-2)/((-8)/5)*4. Let w be a(z). Let t(h) = 3*h - 8. Let s be t(w). Calculate the greatest common divisor of s and 2.
2
Let h be 234*(2 + (-3)/2). Calculate the highest common factor of h and 39.
39
Suppose 33 = 5*c - 4*w, 5*c + w + 16 - 64 = 0. What is the greatest common divisor of c and 27?
9
Suppose -2*t = 3*t - 65. Suppose -3*y + 2*q = 6*q - 2, -2 = 2*q. Suppose y*p - 70 + 18 = 0. Calculate the highest common divisor of p and t.
13
Suppose -3*s = -15, -q + s = -0*s + 11. Let w(n) = 3*n**2 + 8*n + 3. Let o be w(q). Calculate the greatest common factor of o and 7.
7
Let u(n) = -3*n - 1. Let v be u(-1). Suppose -v - 6 = -w. Let k = 27 + 13. Calculate the greatest common factor of k and w.
8
Let k(y) = -6*y + 2. Let c be k(-3). What is the greatest common divisor of c and 220?
20
Let g = 6 - -11. What is the highest common factor of 17 and g?
17
Let h(a) = a**2 + 8*a + 17. Let l be h(-6). Let t(c) = -c - 1. Let f be t(-2). Let g = f + 0. Calculate the greatest common factor of g and l.
1
Suppose -3 = -4*s + 5. Let p be s - 141/(1 - 2). What is the greatest common factor of p and 13?
13
Let g(w) = w - 5. Let o be g(7). Calculate the greatest common divisor of 6 and o.
2
Let o be ((-225)/(-6) + 5)*(-6)/(-5). Calculate the greatest common divisor of o and 34.
17
Let f(u) = u**3 + 9*u**2 - 4*u - 11. Let m be f(-9). Suppose -5*i + r + 120 = 0, 116 - 11 = 5*i - 4*r. Calculate the highest common divisor of i and m.
25
Let h be 26/4*(47 + 1)/4. Calculate the highest common factor of h and 130.
26
Suppose -2*u - 14 = -68. Calculate the greatest common factor of 9 and u.
9
Suppose 0*w = 3*w - 1131. Calculate the highest common divisor of 29 and w.
29
Let j = -1 - -28. Calculate the greatest common factor of 9 and j.
9
Let c(o) = 3*o - 41. Let w be c(18). Calculate the greatest common factor of w and 13.
13
Suppose 932 = 5*j - 4*u, 1 + 1 = u. Calculate the highest common factor of j and 47.
47
Let i be 22/10 - (-1)/(-5). Suppose -j + 0*p + p + 15 = 0, i*j - 15 = -p. Suppose -57 + 17 = -4*v. What is the greatest common factor of v and j?
10
Suppose -2*r = -3*r + 16. Let p be -18*(-4)/(r/10). Calculate the highest common divisor of p and 5.
5
Suppose 2*s = -4*v + 2*v + 110, -2*v = 3*s - 167. Suppose 2*q + 1 - 7 = 0, -2*q = -2*h + 70. Calculate the greatest common divisor of s and h.
19
Let p(m) = 38*m**2 + m. Let c be p(1). Calculate the highest common divisor of 13 and c.
13
Suppose -6 - 4 = -5*i. What is the greatest common factor of 8 and i?
2
Let n(l) = -7*l. Let x be n(-1). Suppose 4*b - 5*j - 165 = 0, -183 = -3*b + 4*j - 58. Calculate the highest common divisor of b and x.
7
Let a be 2/((-30)/(-25))*6. Let s(h) = -h**3 - 3*h**2 + 7*h + 4. Let p be s(-6). Calculate the highest common factor of a and p.
10
Suppose 0 = q + p - 25, 4*q + 2*p + p = 100. What is the greatest common divisor of q and 10?
5
Suppose 90 - 22 = 4*f. Let w(h) = h**3 - 5*h**2 + 2*h + 7. Let o be w(7). Calculate the greatest common factor of f and o.
17
Suppose -r - 5*f + 73 = -0*r, -4*f = 2*r - 164. Calculate the highest common divisor of r and 11.
11
Let b = -8 - -8. Suppose b = -a - 5 + 3. Let l = a - -11. What is the greatest common factor of 18 and l?
9
Suppose 3*x + 2*x - 19 = 3*k, -5*x + 10 = 0. Let g be (-2)/k - (-12)/9. Let j be (2 - 32/6)*-3. Calculate the greatest common factor of g and j.
2
Suppose -125 = -q + 19. What is the greatest common divisor of q and 36?
36
Let n(z) = 4*z + 5. Let y be n(-5). Let a = y - -26. Calculate the greatest common factor of a and 22.
11
Let c be (-6)/4 + (-90)/(-12). Suppose 3*k = -5*n + 4*k + 12, 0 = n - 2*k - c. Suppose -8 - 4 = -n*a. What is the highest common factor of 6 and a?
6
Suppose 2*y - 7*y + 15 = 0. Suppose y*i - 244 = -i. Suppose -o = 2*w - 77, -i = -w + o - 6*o. Calculate the greatest common divisor of w and 4.
4
Let t(o)